?
0
What is the tens digit of 3372?
7
What is the units digit of 220?
0
What is the units digit of 140369?
9
What is the units digit of 1572?
2
What is the units digit of 3516?
6
What is the tens digit of 372?
7
What is the tens digit of 2304?
0
What is the hundreds digit of 3307?
3
What is the hundreds digit of 1405?
4
What is the tens digit of 28546?
4
What is the ten thousands digit of 11304?
1
What is the tens digit of 126320?
2
What is the units digit of 3284?
4
What is the ten thousands digit of 13727?
1
What is the tens digit of 1495?
9
What is the units digit of 9623?
3
What is the units digit of 417?
7
What is the units digit of 480?
0
What is the ten thousands digit of 20576?
2
What is the hundreds digit of 5304?
3
What is the thousands digit of 1235?
1
What is the thousands digit of 1991?
1
What is the units digit of 17356?
6
What is the thousands digit of 4598?
4
What is the hundreds digit of 24955?
9
What is the units digit of 6437?
7
What is the hundreds digit of 3337?
3
What is the units digit of 2495?
5
What is the thousands digit of 6417?
6
What is the hundreds digit of 60060?
0
What is the thousands digit of 13335?
3
What is the tens digit of 70609?
0
What is the hundreds digit of 147601?
6
What is the units digit of 41284?
4
What is the hundreds digit of 40053?
0
What is the units digit of 25474?
4
What is the hundreds digit of 2608?
6
What is the tens digit of 15195?
9
What is the thousands digit of 4218?
4
What is the tens digit of 10034?
3
What is the units digit of 3078?
8
What is the tens digit of 6318?
1
What is the hundreds digit of 665?
6
What is the ten thousands digit of 103258?
0
What is the units digit of 59282?
2
What is the tens digit of 58298?
9
What is the tens digit of 39786?
8
What is the thousands digit of 15409?
5
What is the tens digit of 72410?
1
What is the hundreds digit of 7627?
6
What is the ten thousands digit of 36661?
3
What is the ten thousands digit of 38238?
3
What is the units digit of 44274?
4
What is the units digit of 497?
7
What is the hundreds digit of 8740?
7
What is the thousands digit of 1605?
1
What is the units digit of 3035?
5
What is the ten thousands digit of 23422?
2
What is the hundreds digit of 666?
6
What is the hundreds digit of 12436?
4
What is the tens digit of 4318?
1
What is the thousands digit of 2251?
2
What is the units digit of 46742?
2
What is the hundreds digit of 2310?
3
What is the tens digit of 83839?
3
What is the units digit of 26458?
8
What is the hundreds digit of 1359?
3
What is the thousands digit of 4400?
4
What is the thousands digit of 3833?
3
What is the thousands digit of 59905?
9
What is the tens digit of 28052?
5
What is the units digit of 14073?
3
What is the tens digit of 44760?
6
What is the thousands digit of 16781?
6
What is the units digit of 1886?
6
What is the ten thousands digit of 61434?
6
What is the tens digit of 14563?
6
What is the thousands digit of 50633?
0
What is the hundreds digit of 2616?
6
What is the tens digit of 579?
7
What is the tens digit of 4715?
1
What is the units digit of 7235?
5
What is the ten thousands digit of 51984?
5
What is the ten thousands digit of 30561?
3
What is the hundreds digit of 218?
2
What is the hundreds digit of 3936?
9
What is the tens digit of 3733?
3
What is the units digit of 2531?
1
What is the units digit of 1871?
1
What is the tens digit of 10828?
2
What is the tens digit of 4262?
6
What is the hundreds digit of 21436?
4
What is the hundreds digit of 48984?
9
What is the thousands digit of 1439?
1
What is the units digit of 6476?
6
What is the thousands digit of 2216?
2
What is the units digit of 7443?
3
What is the units digit of 94673?
3
What is the tens digit of 16195?
9
What is the ten thousands digit of 79546?
7
What is the hundreds digit of 692?
6
What is the units digit of 112331?
1
What is the tens digit of 2006?
0
What is the tens digit of 12018?
1
What is the hundreds digit of 2735?
7
What is the tens digit of 2158?
5
What is the units digit of 1475?
5
What is the hundreds digit of 1847?
8
What is the thousands digit of 13129?
3
What is the units digit of 624?
4
What is the thousands digit of 2029?
2
What is the thousands digit of 14410?
4
What is the tens digit of 835?
3
What is the units digit of 12212?
2
What is the tens digit of 62898?
9
What is the tens digit of 5695?
9
What is the tens digit of 8778?
7
What is the tens digit of 35662?
6
What is the units digit of 6959?
9
What is the units digit of 11461?
1
What is the ten thousands digit of 52387?
5
What is the hundreds digit of 42039?
0
What is the hundreds digit of 119162?
1
What is the ten thousands digit of 15943?
1
What is the thousands digit of 10713?
0
What is the units digit of 127?
7
What is the units digit of 5353?
3
What is the thousands digit of 2371?
2
What is the thousands digit of 106958?
6
What is the tens digit of 2673?
7
What is the hundreds digit of 12307?
3
What is the tens digit of 44480?
8
What is the hundreds digit of 156577?
5
What is the units digit of 5851?
1
What is the thousands digit of 2567?
2
What is the units digit of 1457?
7
What is the hundreds digit of 2380?
3
What is the thousands digit of 20533?
0
What is the hundreds digit of 4085?
0
What is the tens digit of 1276?
7
What is the units digit of 2656?
6
What is the tens digit of 3484?
8
What is the thousands digit of 2185?
2
What is the units digit of 287?
7
What is the units digit of 5406?
6
What is the hundreds digit of 7230?
2
What is the units digit of 3846?
6
What is the units digit of 21126?
6
What is the thousands digit of 71408?
1
What is the tens digit of 54388?
8
What is the hundreds digit of 537?
5
What is the units digit of 3359?
9
What is the thousands digit of 2679?
2
What is the units digit of 2411?
1
What is the hundreds digit of 6209?
2
What is the tens digit of 2282?
8
What is the hundreds digit of 532?
5
What is the thousands digit of 5785?
5
What is the thousands digit of 9833?
9
What is the thousands digit of 1054?
1
What is the tens digit of 554?
5
What is the tens digit of 34780?
8
What is the units digit of 3140?
0
What is the tens digit of 2543?
4
What is the tens digit of 8482?
8
What is the tens digit of 19274?
7
What is the tens digit of 1614?
1
What is the hundreds digit of 100?
1
What is the hundreds digit of 55220?
2
What is the hundreds digit of 21581?
5
What is the ten thousands digit of 59112?
5
What is the hundreds digit of 49679?
6
What is the hundreds digit of 4244?
2
What is the tens digit of 288?
8
What is the units digit of 17476?
6
What is the ten thousands digit of 43291?
4
What is the units digit of 5?
5
What is the tens digit of 35039?
3
What is the tens digit of 2066?
6
What is the hundreds digit of 6943?
9
What is the thousands digit of 2627?
2
What is the hundreds digit of 261?
2
What is the hundreds digit of 13677?
6
What is the hundreds digit of 63491?
4
What is the units digit of 5651?
1
What is the hundreds digit of 2275?
2
What is the hundreds digit of 4390?
3
What is the thousands digit of 27430?
7
What is the units digit of 3510?
0
What is the ten thousands digit of 17093?
1
What is the units digit of 3059?
9
What is the units digit of 854?
4
What is the hundreds digit of 11277?
2
What is the hundreds digit of 325?
3
What is the thousands digit of 3011?
3
What is the thousands digit of 2425?
2
What is the thousands digit of 2361?
2
What is the thousands digit of 7776?
7
What is the hundreds digit of 3380?
3
What is the thousands digit of 25627?
5
What is the hundreds digit of 41819?
8
What is the hundreds digit of 97401?
4
What is the tens digit of 856?
5
What is the ten thousands digit of 11017?
1
What is the units digit of 115725?
5
What is the tens digit of 16514?
1
What is the tens digit of 417?
1
What is the thousands digit of 81967?
1
What is the tens digit of 58623?
2
What is the thousands digit of 19757?
9
What is the hundreds digit of 15009?
0
What is the thousands digit of 11987?
1
What is the hundred thousands digit of 196374?
1
What is the units digit of 110190?
0
What is the thousands digit of 5477?
5
What is the units digit of 14854?
4
What is the ten thousands digit of 15980?
1
What is the tens digit of 2489?
8
What is the hundreds digit of 1850?
8
What is the tens dig